 be the third derivative of q**6/120 - q**5/10 + 7*q**4/24 - q**3 + 2*q**2 + 15*q. Determine f(u).
4
Let p(j) be the first derivative of -j**3/3 + 2*j**2 - 2*j + 1719. Determine p(7).
-23
Let p(g) = -g**3 - 4693*g + 4689*g - 67*g**2 + 63*g**2 - 1. What is p(-5)?
44
Suppose 4*p = -0 - 4, 3*k - 4*p = 19. Suppose s + 28 = 3*s + k*j, -2*j + 8 = 0. Suppose 14 - s = 2*o. Let v(d) = d**3 - 4*d**2 - 4*d - 7. Calculate v(o).
-2
Suppose -5*u + 36 - 26 = 0. Let t be u*(-1)/(-9) - 75/(-27). Suppose t*x - 4*x - 5 = 0. Let l(m) = m**2 + 3*m + 4. Give l(x).
14
Let d be 4 - ((-276)/161)/(6/21). Let l(f) be the first derivative of -1/3*f**3 + 5/2*f**2 + d + 0*f. What is l(4)?
4
Let n(u) = -u**2. Let h(r) = 2*r + 4*r - 5*r - 1. Let g(o) = 4*h(o) + n(o). Let z(j) = j**2 - 3*j. Let w be z(4). What is g(w)?
-4
Let r(z) = 14 + 11 - 389*z + 198*z + 198*z - z**3 - 8*z**2. Calculate r(-8).
-31
Let g(o) = -9*o + 3 + 2*o**2 + o**2 - 11*o**2 - o**3 + 0*o**2. Give g(-2).
-3
Let u be 2/(2/26*-2). Suppose -62*m = -36*m - 156. Let w(f) = 11*f - 2. Let z(h) = 5*h - 1. Let x(v) = m*w(v) + u*z(v). Calculate x(0).
1
Let q be (-7 + 390/50)/(1/(-15)). Let d(y) = -2*y**2 - 23*y + 13. Determine d(q).
1
Let m be 256/(-288)*33/(-88). Let r(o) be the first derivative of -o**2 - 2*o - 8 + m*o**3. What is r(-2)?
6
Suppose 16*n = 38 + 26. Let g(p) = -p**2 + p**3 - 4*p**2 - 6 + 0*p + 3*p. What is g(n)?
-10
Let h(k) = -k**2 - 4*k**2 - 5*k + 3 - 2*k + 6*k**2. Let l be 3/15*5*7. What is h(l)?
3
Let r(g) = 5*g**2 + 5*g + 6. Let q(j) = -4*j**2 - 6*j - 5. Let d(v) = -4*q(v) - 3*r(v). Let k(t) = -t**3 + 5*t**2 + 8*t - 52. Let i be k(-3). What is d(i)?
-18
Let c(t) = t - 5. Let p be c(4). Let m(j) be the first derivative of -j**3/3 - j**2 - 2*j + 55314. Give m(p).
-1
Suppose 5*i = -l - 11, -i = 2 + 1. Suppose -4*u - l = -16. Let a(x) be the third derivative of x**4/24 - 2*x**3/3 - 2482*x**2. What is a(u)?
-1
Let c(j) = -j - 2. Let u be -5 - ((-61)/8 + 51/(-136)). Determine c(u).
-5
Let s(v) = -2*v + 3. Let a(b) = 5*b + 16. Let p(c) = 9*c + 30. Let g(j) = 11*a(j) - 6*p(j). Let o(i) = -2*g(i) - 3*s(i). Calculate o(2).
7
Let h(q) = -4*q**2 - 33*q - 62. Suppose 0 = 515*k - 520*k + i - 12, -5*i + 4 = 3*k. Calculate h(k).
-12
Let a(z) = -7 - 67*z - 11*z**3 + 9*z**2 + 89*z + 10*z**3. Let p be a(11). Let b(w) = w**3 + 6*w**2 - 9*w - 2. What is b(p)?
12
Let r(h) = 6*h - 1. Let w(f) = 706*f + 7765. Let g be w(-11). What is r(g)?
-7
Let q = -4 + 7. Suppose 0 = -3*m - q*m - 18. Let o be (((-8)/(-3))/(-4))/(m/(-18)). Let b(n) = -n**3 - 4*n**2 + 6*n + 4. What is b(o)?
-20
Let s(q) be the second derivative of q**4/12 - 2*q**3/3 - 5*q**2/2 + 2*q + 462. Determine s(-2).
7
Suppose -m + 11 = 2*p, 0 = 4*m - 4*p + 31 - 51. Let x(u) = u**3 - 9*u**2 + 14*u - 1. Calculate x(m).
-1
Let g(i) = -4 + 2*i + 0*i - i**3 - 7*i**2 + 2*i**3. Let w be (10/(-6))/((-133)/(-42) - 4). Suppose -y + 6*y - 23 = -4*f, w*y = -5*f + 33. What is g(f)?
10
Let v(i) be the first derivative of i**6/60 - i**5/15 - i**3/3 - 19*i**2 - 25. Let s(g) be the second derivative of v(g). Give s(3).
16
Let d be 6/(-3)*25/(-10). Suppose -d*p + 230 = -0*p. Let s(k) = -p*k**2 - 1 + 4*k - 50*k**2 + 94*k**2. Determine s(3).
-7
Let d(f) = 17*f - 3. Let h = -236 - -236. Suppose 0*w + 6*w - 12 = h. Give d(w).
31
Suppose -b + 0*b + 5 = u, -5*b = 0. Let s(y) = y**3 - 6*y**2 + 4*y + 6. What is s(u)?
1
Let o(z) be the second derivative of -z**3 - z**2/2 - z. Let q(y) = 2*y + 30. Let r be q(-12). Suppose -5*f - 3*g - 9 - 13 = 0, -4*g = -5*f + r. What is o(f)?
11
Let f(k) be the third derivative of -k**5/60 - 3*k**4/8 - 8*k**3/3 - 22*k**2. Let o be f(-6). Let n(z) = -z**o - 7*z + z - 2 + 1. Give n(-4).
7
Suppose -58068 + 58168 = 20*u. Let m(l) = -l**3 + 3*l**2 + 8*l + 2. Determine m(u).
-8
Let t(d) be the first derivative of -d**2 + 4*d - 180. Suppose 3*p = -12*p + 45. Determine t(p).
-2
Let p be (62/6)/((-1)/2 + (-113)/(-678)). Let w(c) = -3*c - 97. Determine w(p).
-4
Let c = -75 - -76. Let k = c + 36. Let n(t) = -2 + 1 + k*t + 6 - 38*t. Determine n(5).
0
Let l = -303 + 305. Let h be l + 166/(-18) - (-50)/225. Let s(n) = -n**3 - 6*n**2 + 8*n - 4. Calculate s(h).
-11
Let l(v) = -5*v**3 - 5*v**2 + 2*v + 13. Let u(i) = 20*i**3 + 22*i**2 - 9*i - 58. Let n(g) = 9*l(g) + 2*u(g). Give n(1).
-5
Let c(g) = g + 3. Let r = -147 - -78. Let d = 66 + r. Determine c(d).
0
Let x(t) = -6*t - 46. Let j be x(-9). Suppose 0 = 6*l - j*l + 752. Let a(g) = -10 + l*g + 4 - g**2 + g**3 - 377*g. What is a(0)?
-6
Let s(d) = -5*d - 3. Suppose 26*f = -1297 - 81. Let j = -56 - f. Give s(j).
12
Let z = 69 + -66. Let l(b) = 9 - 6*b**2 - 26*b + b**z + 6*b + 1 + 11*b. Suppose 5*r = 2*q - 34, -3 = 2*r + 5. What is l(q)?
-4
Let n(j) = j**2 - 6*j + 2. Let a = -2904 - -2912. Give n(a).
18
Let f(o) = -2*o**2 + 2*o - 4. Let q(g) = -3*g**3 + 31*g**2 + 17*g + 59. Let s be q(11). Determine f(s).
-28
Let c(s) be the second derivative of -s**3/3 - s**2/2 - s + 56. Let g(y) = 3*y + 2. Let p = 3 - -2. Let a(j) = p*g(j) + 7*c(j). Calculate a(-3).
0
Let u(o) = o**2 - 20*o - 3. Suppose -21205 = -127*y - 18538. Determine u(y).
18
Let v be 836/(-1463)*(1620/16 + (-3)/(-12)). Let y(t) = t**2 + 49*t - 520. What is y(v)?
2
Let l = 27 + -23. Suppose 0 = -0*c - 5*c + l*d + 20, 20 = -4*d. Suppose 2*y - 4 = -2*y - 2*w, c = -2*w - 8. Let v(p) = p**3 - 4*p**2 + 1. Give v(y).
-8
Let r(a) = -5 + 1636*a + 1640*a - 6 - 3281*a + 3. Let i be ((-2)/(-6))/(1/9). Suppose w + 24 = -i*w. Give r(w).
22
Let t(l) = -l**2 + 11*l - 4. Let d be 3 - (-6)/(-2) - (-5 + 726). Let q = d - -731. Calculate t(q).
6
Let m(u) be the second derivative of -u**4/12 - 5*u**3/6 + 2*u**2 - 30*u. Let b = -85 - -115. Let v be ((-24)/60)/(((-8)/b)/(-4)). Determine m(v).
-2
Let g(x) be the third derivative of x**6/120 + x**5/15 - x**4/24 + 10*x**2. Let c = -37 - -89. Let t = c + -56. Calculate g(t).
4
Let s = 10 + 3. Let l(k) = 4*k - s + 7*k - 13*k. Calculate l(-7).
1
Let j be (-3 + -2 + 2)/(-1). Let g(a) = 3 + 2784*a**2 + 0*a**j - 2786*a**2 + 5*a - a**3. What is g(-3)?
-3
Let h(m) = m**3 - 8*m**2 - 6*m + 1. Let w be h(9). Let y = -28 + w. Let x(u) = -430 - 3*u**2 + 2*u**2 + 0*u**2 + 423. What is x(y)?
-7
Let v(a) = 862 - 31*a + 1850*a**2 - 843 - 1852*a**2. Calculate v(-16).
3
Let s(f) be the second derivative of 51 + 4/3*f**4 - 4*f**2 - f - 7/3*f**3 - 1/20*f**5. Calculate s(15).
7
Let n = -33 + 35. Let v(g) = 2 - 4 - 74*g**2 + 2*g + 73*g**2 + 6 - 5. What is v(n)?
-1
Let m(o) be the second derivative of -4 - 7/6*o**3 - 2*o**2 - 1/12*o**4 - 30*o. Determine m(-10).
-34
Suppose -8*d + d = -35. Suppose -5*t - 10 = -5*u, -24 = -d*u + 4*t - 6*t. Let c(z) = z**2 - 4*z - 4. What is c(u)?
-4
Suppose 17*j - 20 = 21*j. Let t(f) = -4*f + 7. Let l(d) = 4*d - 6. Let q(a) = 4*l(a) + 3*t(a). Determine q(j).
-23
Let f(x) be the first derivative of x**4/4 + 3*x**3 - 7*x**2/2 + 4*x + 1600. Give f(-10).
-26
Suppose -5*n = -49 - 291. Suppose -4*y - 2*w + 4*w = n, 3*y + 38 = -5*w. Let t = y + 13. Let h(v) = -2*v - 4. Determine h(t).
2
Let h be 16/(-40) + 3172/(-20). Let i = -155 - h. Let f(v) = -2*v**2 + 5*v - 6. Calculate f(i).
-18
Let m(u) be the third derivative of -238*u**2 + 0 + 1/4*u**4 + 1/3*u**3 + 0*u. Determine m(-5).
-28
Let s be 15/5*15/9. Let c(n) = s - 4 - 3*n - n**2 + 0. Let u(i) = -i**2 + 4*i + 47. Let y be u(-5). What is c(y)?
-9
Let k(t) be the second derivative of -1/12*t**4 + 6*t + 0 + 1/3*t**3 + 5/2*t**2. Suppose -1 + 17 = 5*g - f, 2*f = 8. Calculate k(g).
-3
Let j(z) be the third derivative of -z**6/120 + z**5/5 + z**4 + 10*z**3 - 4*z**2 + 24. Let g be j(14). Let x(i) = -i**2 + i - 2. Determine x(g).
-14
Suppose 117*k - 49*k = 61*k + 7. Let o(q) = 8*q**3 + 3*q**2 - 3*q + 1. What is o(k)?
9
Let g(c) = c + 27. Let v(q) = 3*q + 108. Let n(h) = 9*g(h) - 2*v(h). Give n(-9).
0
Let b(y) = 4*y**3 - 13*y**2 + 7*y + 4. Let m(a) = 3*a**3 - 12*a**2 + 8*a + 3. Let t(p) = -2*b(p) + 3*m(p). Let j = 742 + -733. Calculate t(j).
10
Let z(v) = v**3 - 21*v + 31. Let h be z(3). Let f(l) = 60*l + 300. Give f(h).
0
Let t be ((-12)/10)/((-54)/630). Let a(b) = -25*b + 9 - 34*b + 72*b - b**2 + 0*b**2. What is a(t)?
-5
Let g(p) = -21 + 204*p**2 - 206*p**2 + 37 - p**3 + 4*p. Give g(0).
16
Let f(t) = 20*t - 5 + t**2 - 12*t - 12*t - 3*t. Let c be f(8). Let v(i) = 7*i + 22*i**3 - 17*i**3 - 6 